

{"id":215,"date":"2019-09-25T15:45:01","date_gmt":"2019-09-25T13:45:01","guid":{"rendered":"https:\/\/oms-hussigny-godbrange.fr\/?page_id=215"},"modified":"2019-10-12T23:01:21","modified_gmt":"2019-10-12T21:01:21","slug":"parcours-21km","status":"publish","type":"page","link":"https:\/\/oms-hussigny-godbrange.fr\/index.php\/semi-marathon\/parcours-21km\/","title":{"rendered":"Parcours 21km"},"content":{"rendered":"<p><!--StartFragment--><\/p>\n<p><!--StartFragment--><\/p>\n\n\n\n\n\t\t\t\t<div id=\"map_ol3js_1\" class=\"map undefined\" data-map_name=\"undefined\" data-map=\"map_ol3js_1\" style=\"width:100%; max-width:100%; height:450px; display:block; overflow:hidden;border:2px solid grey;\" >\n\t\t\t\t  <div id=\"map_ol3js_1_popup\" class=\"ol-popup\" >\n\t\t\t\t\t<a href=\"#\" id=\"map_ol3js_1_popup-closer\" class=\"ol-popup-closer\"><\/a>\n\t\t\t\t\t<div id=\"map_ol3js_1_popup-content\" ><\/div>\n\t\t\t\t  <\/div>\n\t\t\t\t<\/div>\n\t\t\t\n\n\t\t\t\t<script type=\"text\/javascript\">\n\t\t\t\t\ttranslations['openlayer'] = \"open layer\";\n\t\t\t\t\ttranslations['openlayerAtStartup'] = \"open layer at startup\";\n\t\t\t\t\ttranslations['generateLink'] = \"link to this map with opened layers\";\n\t\t\t\t\ttranslations['shortDescription'] = \"short description\";\n\t\t\t\t\ttranslations['generatedShortCode'] = \"to get a text control link paste this code in your wordpress editor\";\n\t\t\t\t\ttranslations['closeLayer'] = \"close layer\";\n\t\t\t\t\ttranslations['cantGenerateLink'] = \"put this string in the existing map short code to control this map\";\n\t\t\t  <\/script>\n\n\n\t\t\t  <script type=\"text\/javascript\">\n\t\t\t  vectorM['map_ol3js_1'] = [];\n\t        \n        var raster = getTileLayer(\"osm\",\"NoKey\");\t\t\t\n\n\t\t\t  var map_ol3js_1 = new ol.Map({\n\t\t\t\tinteractions: ol.interaction.defaults.defaults({mouseWheelZoom:false}),\n\t\t\t\tlayers: [raster],\n\t\t\t\ttarget: \"map_ol3js_1\",\n\t\t\t\tview: new ol.View({\n\t\t\t\t  center: ol.proj.transform([5.8659,49.4933], \"EPSG:4326\", \"EPSG:3857\"),\n\t\t\t\t  zoom: 13\n\t\t\t\t})\n\t\t\t  });\n\t\t\t  \n    var style0 = {\n      \"Point\": [new ol.style.Style({\n\n          image: new ol.style.Icon({\n            anchor: [0.5, 41],\n            anchorXUnits: \"fraction\",\n            anchorYUnits: \"pixels\",\n            opacity: 0.75,\n            src: \"https:\/\/oms-hussigny-godbrange.fr\/wp-content\/plugins\/osm\/icons\/mic_blue_pinother_02.png\"\n          })\n      })],\n\n      \"LineString\": [new ol.style.Style({\n        stroke: new ol.style.Stroke({\n          color: \"#ff8000\",\n          width: 8\n        })\n      })],\n      \"MultiLineString\": [new ol.style.Style({\n        stroke: new ol.style.Stroke({\n          color: \"#ff8000\",\n          width: 4\n        })\n      })]\n    };\n\t\t  vectorL0 = new ol.layer.Vector({\n\n\t\t\tsource: new ol.source.Vector({\n\t\t  url:\"https:\/\/oms-hussigny-godbrange.fr\/wp-content\/uploads\/2019\/09\/21kmtrack.kml\",\n\t\t\t  format: new ol.format.KML({ showPointNames: false})\n\t\t\t}),\n         zIndex: 92\n\t\t  });map_ol3js_1.addLayer(vectorL0);addControls2Map(map_ol3js_1,0,0,3,0,5,6,7,0,1);\nosm_addPopupClickhandler(map_ol3js_1,  \"map_ol3js_1\"); \nosm_addMouseHover(map_ol3js_1); <\/script>\n\n\n\n<figure class=\"wp-block-image\"><img loading=\"lazy\" decoding=\"async\" width=\"1441\" height=\"319\" src=\"https:\/\/oms-hussigny-godbrange.fr\/wp-content\/uploads\/2019\/09\/21km_google-earth_denivel\u00e9.jpg\" alt=\"\" class=\"wp-image-278\" srcset=\"https:\/\/oms-hussigny-godbrange.fr\/wp-content\/uploads\/2019\/09\/21km_google-earth_denivel\u00e9.jpg 1441w, https:\/\/oms-hussigny-godbrange.fr\/wp-content\/uploads\/2019\/09\/21km_google-earth_denivel\u00e9-530x117.jpg 530w, https:\/\/oms-hussigny-godbrange.fr\/wp-content\/uploads\/2019\/09\/21km_google-earth_denivel\u00e9-600x133.jpg 600w, https:\/\/oms-hussigny-godbrange.fr\/wp-content\/uploads\/2019\/09\/21km_google-earth_denivel\u00e9-768x170.jpg 768w, https:\/\/oms-hussigny-godbrange.fr\/wp-content\/uploads\/2019\/09\/21km_google-earth_denivel\u00e9-1200x266.jpg 1200w\" sizes=\"auto, (max-width: 709px) 85vw, (max-width: 909px) 67vw, (max-width: 1362px) 62vw, 840px\" \/><\/figure>\n\n\n\n<div class=\"wp-block-file\"><a href=\"https:\/\/oms-hussigny-godbrange.fr\/wp-content\/uploads\/2019\/09\/21km_google-earth_denivel\u00e9.jpg\">D\u00e9nivel\u00e9 21km<\/a><\/div>\n\n\n\n<h2 class=\"wp-block-heading\">Trace Google Earth format KML<\/h2>\n\n\n\n<p>Grace \u00e0 ce fichier, vous pourrez visualiser le parcours et son d\u00e9nivel\u00e9 dans Google Earth ainsi que simuler une \u00ab\u00a0visite\u00a0\u00bb<\/p>\n\n\n\n<p> Veuillez consulter le tutoriel pour l&rsquo;utilisation du fichier KML:<\/p>\n\n\n\n<p><a href=\"https:\/\/oms-hussigny-godbrange.fr\/wp-content\/uploads\/2019\/10\/Tutoriel-Google-earth-pro.pdf\" target=\"_blank\" rel=\"noreferrer noopener\" aria-label=\" (s\u2019ouvre dans un nouvel onglet)\">Tutoriel-Google-earth-pro.pdf<\/a><\/p>\n\n\n\n<div class=\"wp-block-file\"><a href=\"https:\/\/oms-hussigny-godbrange.fr\/wp-content\/uploads\/2019\/09\/21kmtrack.kml\">Parcours 21km KML<\/a><\/div>\n\n\n\n<h2 class=\"wp-block-heading\">Fichier pour montres format GPX<\/h2>\n\n\n\n<p>Grace \u00e0 ce fichier, vous pourrez visualiser le parcours et son d\u00e9nivel\u00e9 dans une montre connect\u00e9e prenant en charge le format \u00ab\u00a0gpx\u00a0\u00bb<\/p>\n\n\n\n<div class=\"wp-block-file\"><a href=\"https:\/\/oms-hussigny-godbrange.fr\/wp-content\/uploads\/2019\/09\/21kmtrack.zip\">Parcours 21km GPX<\/a><\/div>\n\n\n\n<p><\/p>\n\n\n<p><!--EndFragment--><\/p>\n<p><\/p>\n<p><!--EndFragment--><\/p>\n<p><\/p>","protected":false},"excerpt":{"rendered":"<p>D\u00e9nivel\u00e9 21km Trace Google Earth format KML Grace \u00e0 ce fichier, vous pourrez visualiser le parcours et son d\u00e9nivel\u00e9 dans Google Earth ainsi que simuler une \u00ab\u00a0visite\u00a0\u00bb Veuillez consulter le tutoriel pour l&rsquo;utilisation du fichier KML: Tutoriel-Google-earth-pro.pdf Parcours 21km KML Fichier pour montres format GPX Grace \u00e0 ce fichier, vous pourrez visualiser le parcours et &hellip; <a href=\"https:\/\/oms-hussigny-godbrange.fr\/index.php\/semi-marathon\/parcours-21km\/\" class=\"more-link\">Continuer la lecture<span class=\"screen-reader-text\"> de &laquo;&nbsp;Parcours 21km&nbsp;&raquo;<\/span><\/a><\/p>\n","protected":false},"author":1,"featured_media":0,"parent":35,"menu_order":0,"comment_status":"closed","ping_status":"closed","template":"","meta":{"footnotes":""},"class_list":["post-215","page","type-page","status-publish","hentry"],"_links":{"self":[{"href":"https:\/\/oms-hussigny-godbrange.fr\/index.php\/wp-json\/wp\/v2\/pages\/215","targetHints":{"allow":["GET"]}}],"collection":[{"href":"https:\/\/oms-hussigny-godbrange.fr\/index.php\/wp-json\/wp\/v2\/pages"}],"about":[{"href":"https:\/\/oms-hussigny-godbrange.fr\/index.php\/wp-json\/wp\/v2\/types\/page"}],"author":[{"embeddable":true,"href":"https:\/\/oms-hussigny-godbrange.fr\/index.php\/wp-json\/wp\/v2\/users\/1"}],"replies":[{"embeddable":true,"href":"https:\/\/oms-hussigny-godbrange.fr\/index.php\/wp-json\/wp\/v2\/comments?post=215"}],"version-history":[{"count":7,"href":"https:\/\/oms-hussigny-godbrange.fr\/index.php\/wp-json\/wp\/v2\/pages\/215\/revisions"}],"predecessor-version":[{"id":368,"href":"https:\/\/oms-hussigny-godbrange.fr\/index.php\/wp-json\/wp\/v2\/pages\/215\/revisions\/368"}],"up":[{"embeddable":true,"href":"https:\/\/oms-hussigny-godbrange.fr\/index.php\/wp-json\/wp\/v2\/pages\/35"}],"wp:attachment":[{"href":"https:\/\/oms-hussigny-godbrange.fr\/index.php\/wp-json\/wp\/v2\/media?parent=215"}],"curies":[{"name":"wp","href":"https:\/\/api.w.org\/{rel}","templated":true}]}}